 + 290*p**2 - 93*p - 1. What is the units digit of j(-1)?
8
Suppose -11*b + 9*b = -1150. Suppose 3*k + b = 8*k + z, 3*k + z - 343 = 0. What is the tens digit of k?
1
Let q(t) = -t**3 + 4*t**2 + 14*t - 9. Let i be q(6). Suppose p = -2*p + 6, i*p = 4*u - 110. What is the units digit of u?
9
Let i be 5 + (3/(-12)*-4 - 4). Suppose -c - 2 = -i*c, 2*h - 12 = -3*c. What is the units digit of h?
3
Let z(m) = -6*m + 170. What is the units digit of z(-19)?
4
Let w be (-870)/(-10)*(-4)/6. Let f = 97 + w. What is the tens digit of f?
3
Suppose 7*x - 6*x = -1. Let b be -26*x/(-2) + 2. Let w(h) = h**2 + 10*h + 6. What is the units digit of w(b)?
7
Suppose 15 = 15*f - 10*f. Suppose 3*w + 4*b - 29 = -4, -f*w + 2*b = -1. Suppose -5*t + 5*v - 2*v = -57, -4*t - w*v = -24. What is the units digit of t?
9
Let y be (1 + -5)*(-535)/214. Suppose 2*n = -8 - 2. What is the units digit of n/y*-1*24?
2
Let y = -6 - -8. Let t(z) = -5*z + z**y + 24 - z + 5*z. What is the tens digit of t(0)?
2
Suppose 118 = 4*s - z, 0 = -z - 0 + 2. Suppose 3*a - s = a. What is the units digit of a?
5
Suppose w = 5*j - 0*w - 2, 0 = 3*j + 4*w + 8. Let z(o) = o + 11. Let i be z(j). Suppose 4*d - 11 = -l + i, 5*l - 30 = -4*d. What is the units digit of d?
5
Let y(j) = j**2 + 10*j - 8. Let k be y(-11). Suppose 0 = 4*i - 3*v - 357, -k*i + 275 = 2*v + 3*v. Suppose 0 = -3*a + 75 + i. What is the tens digit of a?
5
What is the units digit of 12/(-10) - 149702/(-185)?
8
Let m(z) = z**3 + 9*z**2 + 6*z + 11. Let x be m(-8). What is the units digit of x - ((-12)/(-3) + -6)?
9
Let y = 47 + -47. Suppose y = 2*h - 198 + 62. What is the tens digit of h?
6
Suppose 5*q - 2*l - 1974 = q, 0 = 5*q + l - 2464. What is the tens digit of q?
9
Let g = -1676 + 1966. What is the units digit of g?
0
Let d(k) = k**2 - 6*k + 9. Suppose v + 5*l = 3*v + 8, 3*v - 3*l = 6. What is the units digit of d(v)?
9
Let z be (-30)/(-10) - (-2)/(-2). What is the units digit of (-7)/(1 + (z - 4))?
7
What is the tens digit of -8 - -3 - (-15780)/12?
1
Let q = -75 - -78. Suppose -3*x + 27 = -q*j, -2*j + 6 = -4. What is the units digit of x?
4
What is the thousands digit of 6/10 + (-721464)/(-460)?
1
Suppose v - 5*f = 18, 4*f + 24 = 4*v - 0*v. Suppose 0 = -4*y + v*y + 63. What is the tens digit of y?
6
Suppose 5*h - i - 15177 = 0, 45*h - 47*h + 6063 = -3*i. What is the units digit of h?
6
Let x = 19 - -2. Let w = -9 + x. What is the units digit of (-87)/(-12) + (-3)/w?
7
Suppose 2*k = 3*c + 10, -4*c - 15 = -5*k + 3. Let d be 8*(k + -4)/(-1). What is the tens digit of (4 - -1)/(8/d)?
1
Let h be (-2)/(-3) - 2/3. Suppose a = -1 - h. What is the units digit of 258/24 - a/4?
1
Let o = -1153 + 4260. What is the units digit of o?
7
Let m be ((-7)/2)/(-1) + (-4)/8. Suppose 4*x - 4 = 0, 0*i + 200 = m*i - 4*x. What is the tens digit of i?
6
Let n be (-2 - -18)/(-2) + 2. Let o(u) = 9*u + 4 + 3*u**2 - u**2 - 3. What is the tens digit of o(n)?
1
Suppose 0 = -l - 3*y + 445, 3*l + 4*y - 5*y - 1385 = 0. What is the tens digit of l?
6
Let y = -992 - -1513. What is the units digit of y?
1
What is the tens digit of (-77)/(-7) - (-4339 + -9)?
5
Suppose -5*m + 8 = -2. Suppose -2*q + 3 = -3*q - m*z, 2*z + 18 = 4*q. Suppose 5*x - 3*j + 15 - 171 = 0, 5*x + q*j - 144 = 0. What is the tens digit of x?
3
Suppose 0*r - 5*g - 7850 = -3*r, 2*r + 5*g - 5225 = 0. What is the thousands digit of r?
2
Let o = -276 + 129. Let n = -44 - o. What is the units digit of n?
3
Let k(l) = -3*l**2 + 2*l + 39 - 3*l**3 - 15 + 4*l**3 - 28. Let s = 11 - 7. What is the tens digit of k(s)?
2
What is the units digit of (-2)/16*-4 + 44297/22?
4
Let z(b) = -b**3 - 4*b**2 + 6*b - 6. Let r be z(-5). Let y be 2 - r*(3 + 8). Suppose -57 = -4*g + y. What is the tens digit of g?
4
Let i = 1462 - 476. Let m = i - 647. What is the hundreds digit of m?
3
Let q(i) = -13 + 0*i**2 + 23*i**2 - 3*i - 4*i**2 + i**3 - 3. What is the units digit of q(-19)?
1
Suppose -3*z + 3*g = -4803, z + 0*g = -4*g + 1576. What is the units digit of z?
6
Suppose -7*j = -4605 - 309. What is the hundreds digit of j?
7
Let q be 19/(-4) - 2/8. Let m(z) be the third derivative of -z**5/60 - z**4/3 - z**3/2 + 8*z**2. What is the units digit of m(q)?
2
Suppose 0 = 5*z - 10 - 20. Suppose 4 = z*l - 10*l. What is the units digit of (13 + -1)/(l + 3)?
6
Let l = -72 + 82. What is the units digit of (5*6/15)/(l/695)?
9
Let d be (14/(-35))/((-2)/150). Let p = 41 - d. What is the units digit of p?
1
Let u be 10/(-35) - (-2362)/(-14). Let c = -33 - u. What is the units digit of c?
6
Suppose -3*t - 4*n = -4018, 29*t - 24*t + 3*n = 6682. What is the hundreds digit of t?
3
Let k(l) = l**3 - 3*l**2 - l + 3. Suppose 6 = 3*y - 6. Let x be k(y). Suppose -x = p - 2*p. What is the tens digit of p?
1
Let g(o) = o. Let q be g(-3). Let k(n) = -6*n + 2*n + 4 + n - 5. What is the units digit of k(q)?
8
Suppose 5*t - t - 4*u = 144, -2*t + 58 = 5*u. Let v = -31 + t. What is the units digit of v?
3
Let f(i) = 2*i**2 - 82*i - 94. What is the hundreds digit of f(53)?
1
Suppose -y = -5*y. Suppose -10 = -5*j + 2*n, y + 8 = 4*j + 5*n. What is the units digit of j?
2
Let c = 171 - 48. Let i = 27 + c. What is the units digit of i?
0
Suppose -6*o + 36 = -2*o. Let s = 4 + o. Suppose -2*r + 15 = 2*x - 11, 0 = x - 2*r - s. What is the tens digit of x?
1
Suppose 0 = -2*x - 2*b + 264, -4*x = x + b - 652. What is the units digit of 457/13 - 20/x?
5
Let w(k) = k**3 + 10*k**2 - k - 6. Let j = 20 + -30. Let i be w(j). Suppose 44 = i*u - 60. What is the tens digit of u?
2
Suppose -8*w + 1680 = -3000. What is the tens digit of w?
8
Let a be (1191/15)/((-7)/(-35)). Let t = a - 183. What is the tens digit of t?
1
Let o be (-2004)/(-21) + 9/(-21). Let m = o - 59. Let g = m - 2. What is the tens digit of g?
3
Suppose 0 = -4*y - 27 - 17. Let g(p) be the second derivative of p**5/20 + p**4 + 5*p**3/3 - p**2 - 7*p. What is the units digit of g(y)?
9
Suppose 3*r + g - 27 = 0, 6*r - 65 = r + 5*g. Let c(a) = 14*a + 14. What is the tens digit of c(r)?
5
Let k = 32 + -26. What is the units digit of (-5)/(10/k) + 58?
5
What is the units digit of 4*(1/(-4))/1 + 829?
8
Suppose -53*k = -39*k - 756. What is the tens digit of k?
5
Let p be 6*(2 - 172/12). Let a = p + 107. Suppose -5*m = -62 - a. What is the tens digit of m?
1
Let s = 9 - 24. Let q = s + 11. Let x = q - -6. What is the units digit of x?
2
Let k be (40/(-15))/(3/(-135)). Suppose -2*g - 26 = -k. Let h = -25 + g. What is the tens digit of h?
2
Suppose -18*h - 2131 = -2*z - 17*h, -25 = 5*h. What is the thousands digit of z?
1
Suppose -10*o + 452 = 4*t - 7*o, -t - 5*o + 113 = 0. What is the units digit of t?
3
Suppose 60 = 6*y - 150. Let x = y - 34. Suppose a + x = 58. What is the units digit of a?
7
Let m = -557 + 1105. What is the units digit of m?
8
Let t(b) = -63*b**2. Let l be t(2). Let n = -171 - l. What is the tens digit of n?
8
Let j be 129*(0 + 1)/1. Let l = j + -85. What is the units digit of l?
4
Let j be 15 + (1 - -1) + 1. Suppose -5*v - 82 = b, -4*b - 248 = -2*v + 6*v. Let n = j - b. What is the tens digit of n?
7
What is the units digit of (8 + -2)*(0 - (-2070)/12)?
5
Let s(p) = 2*p + 2. Let f(a) = -5*a - 3. Let g(k) = 3*f(k) + 7*s(k). Let j be g(3). Suppose j*n + 71 = 3*n. What is the units digit of n?
1
Let q = 885 - 427. Let p = q - 292. What is the hundreds digit of p?
1
Suppose 7*m - 17349 - 10413 = 0. What is the thousands digit of m?
3
What is the thousands digit of 31/(1/(-234)*-6)?
1
Let v(w) be the third derivative of -w**6/120 - 7*w**5/60 + 11*w**4/24 - w**3/3 + 29*w**2. What is the hundreds digit of v(-10)?
1
Let f(t) = t**3 + 16*t**2 - 16*t - 2. What is the units digit of f(-9)?
9
Suppose 49*a - 48*a = 984. What is the tens digit of a?
8
Suppose 5*g + 5 = 0, -3*g - 533 = -4*u - 2*g. Let o = u - 69. What is the units digit of o?
4
Let q(t) be the third derivative of t**6/60 + t**4/24 + 58*t**3/3 + 13*t**2. What is the hundreds digit of q(0)?
1
Suppose -s = 3*s. Suppose -2*f + 16 = 4*u, s = u - 2*u - 2*f + 7. Suppose 58 = u*j - b, 4*j - b = 31 + 46. What is the units digit of j?
9
Let n be 115/(-3) + 5/((-45)/6). Let r = n - -130. What is the units digit of r?
1
Let p(t) be the first derivative of t**7/840 - t**6/60 - t**4/12 - 2*t**3/3 - 2. Let j(u) be the third derivative of p(u). What is the units d